{"id":435,"date":"2018-11-27T09:17:08","date_gmt":"2018-11-27T09:17:08","guid":{"rendered":"https:\/\/chiloe.digital\/chiloe-2\/about\/"},"modified":"2023-11-03T08:22:13","modified_gmt":"2023-11-03T08:22:13","slug":"nosotros","status":"publish","type":"page","link":"https:\/\/chiloe.digital\/chiloe-2\/nosotros\/","title":{"rendered":"Nosotros"},"content":{"rendered":"\n\n\t<h1>\n\t\t\t\tnosotros\n\t\t\t<\/h1>\n\t<h2>\n\t\t\t\tsOMOS METCON INDUSTRIAL\n\t\t\t<\/h2>\n\t\t\t<p>En el coraz\u00f3n de Chilo\u00e9, METCON INDUSTRIAL ha forjado su nombre como un pilar en el sector de la construcci\u00f3n y la fabricaci\u00f3n de productos de alta calidad.\u00a0Con m\u00e1s de 15 a\u00f1os de trayectoria, esta empresa ha dejado una huella indeleble al adjudicarse licitaciones p\u00fablicas para la construcci\u00f3n de jardines infantiles, postas de salud y otras infraestructuras vitales para la comunidad.\u00a0Su visi\u00f3n innovadora les llev\u00f3 a identificar oportunidades en el mercado, invirtiendo en dos modernas m\u00e1quinas para la fabricaci\u00f3n de planchas de zinc dimensionadas, asegurando as\u00ed responder a la demanda local con productos de la m\u00e1s alta calidad.<\/p>\t\n\t\t\t\t<img decoding=\"async\" src=\"https:\/\/chiloe.digital\/chiloe-2\/wp-content\/uploads\/sites\/41\/2023\/10\/schwenke__metal_workers_engineering_real_photo_4k_cover_for_lan_ae9b669e-3f3c-4183-ad70-7cb3e4d88100.png\" alt=\"schwenke__metal_workers_engineering_real_photo_4k_cover_for_lan_ae9b669e-3f3c-4183-ad70-7cb3e4d88100\" title=\"schwenke__metal_workers_engineering_real_photo_4k_cover_for_lan_ae9b669e-3f3c-4183-ad70-7cb3e4d88100\" itemprop=\"image\"\/>\n\t<h4>\n\t\t\t\tExperiencia y Servicio\n\t\t\t<\/h4>\n\t\t\t<p>METCON INDUSTRIAL no solo se destaca por sus productos, sino tambi\u00e9n por la diversidad y calidad de sus servicios. Ofrecen desde planchas de zinc prepintadas en estilos como lisas, onduladas, microonduladas, pv4 y curvas, hasta una l\u00ednea completa de hojalater\u00eda.Adem\u00e1s, su gama de servicios abarca desde soldadura al arco, mig y tig, hasta obras civiles, hasta obras civiles en general y el arriendo de contenedores. Esta amplia oferta responde a las necesidades cambiantes y crecientes de la Provincia de Chilo\u00e9, consolidando su posici\u00f3n como l\u00edderes en el mercado.<\/p>\t\n\t<h4>\n\t\t\t\tNuestros Valores\n\t\t\t<\/h4>\n\t\t\t<p>Honestidad en cada trato, eficiencia en soluciones y rapidez en entregas. Compromiso y calidad en cada interacci\u00f3n.<\/p>\t\n\t<ul>\n\t\t<li>\t\t\t\t\n\t\t<h5>HONESTIDAD<\/h5><p>Gu\u00eda cada trato y relaci\u00f3n con nuestros clientes, asegurando transparencia y confianza en cada interacci\u00f3n.<\/p><\/li><li>\t\t\t\t\n\t\t<h5>EFICIENCIA<\/h5><p>Se manifiesta en cada proceso y proyecto que emprendemos, garantizando soluciones \u00f3ptimas y de alta calidad.<\/p><\/li><li>\t\t\t\t\n\t\t<h5>RAPIDEZ<\/h5><p>Asegura entregas en tiempo y forma, respondiendo a las necesidades de nuestros clientes con agilidad y precisi\u00f3n.<\/p><\/li>\t<\/ul>\n\n","protected":false},"excerpt":{"rendered":"<p>nosotros sOMOS METCON INDUSTRIAL En el coraz\u00f3n de Chilo\u00e9, METCON INDUSTRIAL ha forjado su nombre como un pilar en el sector de la construcci\u00f3n y la fabricaci\u00f3n de productos de alta calidad.\u00a0Con m\u00e1s de 15 a\u00f1os de trayectoria, esta empresa ha dejado una huella indeleble al adjudicarse licitaciones p\u00fablicas para la construcci\u00f3n de jardines infantiles, [&hellip;]<\/p>\n","protected":false},"author":1,"featured_media":0,"parent":0,"menu_order":0,"comment_status":"closed","ping_status":"closed","template":"","meta":{"om_disable_all_campaigns":false,"_mi_skip_tracking":false,"site-sidebar-layout":"no-sidebar","site-content-layout":"page-builder","ast-site-content-layout":"default","site-content-style":"default","site-sidebar-style":"default","ast-global-header-display":"","ast-banner-title-visibility":"","ast-main-header-display":"","ast-hfb-above-header-display":"","ast-hfb-below-header-display":"","ast-hfb-mobile-header-display":"","site-post-title":"disabled","ast-breadcrumbs-content":"","ast-featured-img":"disabled","footer-sml-layout":"","ast-disable-related-posts":"","theme-transparent-header-meta":"enabled","adv-header-id-meta":"","stick-header-meta":"","header-above-stick-meta":"","header-main-stick-meta":"","header-below-stick-meta":"","astra-migrate-meta-layouts":"default","ast-page-background-enabled":"default","ast-page-background-meta":{"desktop":{"background-color":"","background-image":"","background-repeat":"repeat","background-position":"center center","background-size":"auto","background-attachment":"scroll","background-type":"","background-media":"","overlay-type":"","overlay-color":"","overlay-opacity":"","overlay-gradient":""},"tablet":{"background-color":"","background-image":"","background-repeat":"repeat","background-position":"center center","background-size":"auto","background-attachment":"scroll","background-type":"","background-media":"","overlay-type":"","overlay-color":"","overlay-opacity":"","overlay-gradient":""},"mobile":{"background-color":"","background-image":"","background-repeat":"repeat","background-position":"center center","background-size":"auto","background-attachment":"scroll","background-type":"","background-media":"","overlay-type":"","overlay-color":"","overlay-opacity":"","overlay-gradient":""}},"ast-content-background-meta":{"desktop":{"background-color":"var(--ast-global-color-5)","background-image":"","background-repeat":"repeat","background-position":"center center","background-size":"auto","background-attachment":"scroll","background-type":"","background-media":"","overlay-type":"","overlay-color":"","overlay-opacity":"","overlay-gradient":""},"tablet":{"background-color":"var(--ast-global-color-5)","background-image":"","background-repeat":"repeat","background-position":"center center","background-size":"auto","background-attachment":"scroll","background-type":"","background-media":"","overlay-type":"","overlay-color":"","overlay-opacity":"","overlay-gradient":""},"mobile":{"background-color":"var(--ast-global-color-5)","background-image":"","background-repeat":"repeat","background-position":"center center","background-size":"auto","background-attachment":"scroll","background-type":"","background-media":"","overlay-type":"","overlay-color":"","overlay-opacity":"","overlay-gradient":""}},"footnotes":""},"class_list":["post-435","page","type-page","status-publish","hentry"],"yoast_head":"<!-- This site is optimized with the Yoast SEO plugin v27.0 - https:\/\/yoast.com\/product\/yoast-seo-wordpress\/ -->\n<title>Nosotros - Metcon Ingenier\u00eda industrial 2<\/title>\n<meta name=\"robots\" content=\"index, follow, max-snippet:-1, max-image-preview:large, max-video-preview:-1\" \/>\n<link rel=\"canonical\" href=\"https:\/\/chiloe.digital\/chiloe-2\/nosotros\/\" \/>\n<meta property=\"og:locale\" content=\"es_ES\" \/>\n<meta property=\"og:type\" content=\"article\" \/>\n<meta property=\"og:title\" content=\"Nosotros - Metcon Ingenier\u00eda industrial 2\" \/>\n<meta property=\"og:description\" content=\"nosotros sOMOS METCON INDUSTRIAL En el coraz\u00f3n de Chilo\u00e9, METCON INDUSTRIAL ha forjado su nombre como un pilar en el sector de la construcci\u00f3n y la fabricaci\u00f3n de productos de alta calidad.\u00a0Con m\u00e1s de 15 a\u00f1os de trayectoria, esta empresa ha dejado una huella indeleble al adjudicarse licitaciones p\u00fablicas para la construcci\u00f3n de jardines infantiles, [&hellip;]\" \/>\n<meta property=\"og:url\" content=\"https:\/\/chiloe.digital\/chiloe-2\/nosotros\/\" \/>\n<meta property=\"og:site_name\" content=\"Metcon Ingenier\u00eda industrial 2\" \/>\n<meta property=\"article:modified_time\" content=\"2023-11-03T08:22:13+00:00\" \/>\n<meta property=\"og:image\" content=\"https:\/\/chiloe.digital\/chiloe-2\/wp-content\/uploads\/sites\/41\/2023\/10\/schwenke__metal_workers_engineering_real_photo_4k_cover_for_lan_ae9b669e-3f3c-4183-ad70-7cb3e4d88100.png\" \/>\n<meta name=\"twitter:card\" content=\"summary_large_image\" \/>\n<meta name=\"twitter:label1\" content=\"Tiempo de lectura\" \/>\n\t<meta name=\"twitter:data1\" content=\"1 minuto\" \/>\n<script type=\"application\/ld+json\" class=\"yoast-schema-graph\">{\"@context\":\"https:\/\/schema.org\",\"@graph\":[{\"@type\":\"WebPage\",\"@id\":\"https:\/\/chiloe.digital\/chiloe-2\/nosotros\/\",\"url\":\"https:\/\/chiloe.digital\/chiloe-2\/nosotros\/\",\"name\":\"Nosotros - Metcon Ingenier\u00eda industrial 2\",\"isPartOf\":{\"@id\":\"https:\/\/chiloe.digital\/chiloe-2\/#website\"},\"primaryImageOfPage\":{\"@id\":\"https:\/\/chiloe.digital\/chiloe-2\/nosotros\/#primaryimage\"},\"image\":{\"@id\":\"https:\/\/chiloe.digital\/chiloe-2\/nosotros\/#primaryimage\"},\"thumbnailUrl\":\"https:\/\/chiloe.digital\/chiloe-2\/wp-content\/uploads\/sites\/41\/2023\/10\/schwenke__metal_workers_engineering_real_photo_4k_cover_for_lan_ae9b669e-3f3c-4183-ad70-7cb3e4d88100.png\",\"datePublished\":\"2018-11-27T09:17:08+00:00\",\"dateModified\":\"2023-11-03T08:22:13+00:00\",\"breadcrumb\":{\"@id\":\"https:\/\/chiloe.digital\/chiloe-2\/nosotros\/#breadcrumb\"},\"inLanguage\":\"es\",\"potentialAction\":[{\"@type\":\"ReadAction\",\"target\":[\"https:\/\/chiloe.digital\/chiloe-2\/nosotros\/\"]}]},{\"@type\":\"ImageObject\",\"inLanguage\":\"es\",\"@id\":\"https:\/\/chiloe.digital\/chiloe-2\/nosotros\/#primaryimage\",\"url\":\"https:\/\/chiloe.digital\/chiloe-2\/wp-content\/uploads\/sites\/41\/2023\/10\/schwenke__metal_workers_engineering_real_photo_4k_cover_for_lan_ae9b669e-3f3c-4183-ad70-7cb3e4d88100.png\",\"contentUrl\":\"https:\/\/chiloe.digital\/chiloe-2\/wp-content\/uploads\/sites\/41\/2023\/10\/schwenke__metal_workers_engineering_real_photo_4k_cover_for_lan_ae9b669e-3f3c-4183-ad70-7cb3e4d88100.png\",\"width\":1024,\"height\":1024},{\"@type\":\"BreadcrumbList\",\"@id\":\"https:\/\/chiloe.digital\/chiloe-2\/nosotros\/#breadcrumb\",\"itemListElement\":[{\"@type\":\"ListItem\",\"position\":1,\"name\":\"Portada\",\"item\":\"https:\/\/chiloe.digital\/chiloe-2\/\"},{\"@type\":\"ListItem\",\"position\":2,\"name\":\"Nosotros\"}]},{\"@type\":\"WebSite\",\"@id\":\"https:\/\/chiloe.digital\/chiloe-2\/#website\",\"url\":\"https:\/\/chiloe.digital\/chiloe-2\/\",\"name\":\"Metcon Ingenier\u00eda industrial 2\",\"description\":\"\",\"publisher\":{\"@id\":\"https:\/\/chiloe.digital\/chiloe-2\/#organization\"},\"potentialAction\":[{\"@type\":\"SearchAction\",\"target\":{\"@type\":\"EntryPoint\",\"urlTemplate\":\"https:\/\/chiloe.digital\/chiloe-2\/?s={search_term_string}\"},\"query-input\":{\"@type\":\"PropertyValueSpecification\",\"valueRequired\":true,\"valueName\":\"search_term_string\"}}],\"inLanguage\":\"es\"},{\"@type\":\"Organization\",\"@id\":\"https:\/\/chiloe.digital\/chiloe-2\/#organization\",\"name\":\"Metcon Ingenier\u00eda industrial 2\",\"url\":\"https:\/\/chiloe.digital\/chiloe-2\/\",\"logo\":{\"@type\":\"ImageObject\",\"inLanguage\":\"es\",\"@id\":\"https:\/\/chiloe.digital\/chiloe-2\/#\/schema\/logo\/image\/\",\"url\":\"https:\/\/chiloe.digital\/chiloe-2\/wp-content\/uploads\/sites\/41\/2020\/01\/logo.png\",\"contentUrl\":\"https:\/\/chiloe.digital\/chiloe-2\/wp-content\/uploads\/sites\/41\/2020\/01\/logo.png\",\"width\":250,\"height\":70,\"caption\":\"Metcon Ingenier\u00eda industrial 2\"},\"image\":{\"@id\":\"https:\/\/chiloe.digital\/chiloe-2\/#\/schema\/logo\/image\/\"}}]}<\/script>\n<!-- \/ Yoast SEO plugin. -->","yoast_head_json":{"title":"Nosotros - Metcon Ingenier\u00eda industrial 2","robots":{"index":"index","follow":"follow","max-snippet":"max-snippet:-1","max-image-preview":"max-image-preview:large","max-video-preview":"max-video-preview:-1"},"canonical":"https:\/\/chiloe.digital\/chiloe-2\/nosotros\/","og_locale":"es_ES","og_type":"article","og_title":"Nosotros - Metcon Ingenier\u00eda industrial 2","og_description":"nosotros sOMOS METCON INDUSTRIAL En el coraz\u00f3n de Chilo\u00e9, METCON INDUSTRIAL ha forjado su nombre como un pilar en el sector de la construcci\u00f3n y la fabricaci\u00f3n de productos de alta calidad.\u00a0Con m\u00e1s de 15 a\u00f1os de trayectoria, esta empresa ha dejado una huella indeleble al adjudicarse licitaciones p\u00fablicas para la construcci\u00f3n de jardines infantiles, [&hellip;]","og_url":"https:\/\/chiloe.digital\/chiloe-2\/nosotros\/","og_site_name":"Metcon Ingenier\u00eda industrial 2","article_modified_time":"2023-11-03T08:22:13+00:00","og_image":[{"url":"https:\/\/chiloe.digital\/chiloe-2\/wp-content\/uploads\/sites\/41\/2023\/10\/schwenke__metal_workers_engineering_real_photo_4k_cover_for_lan_ae9b669e-3f3c-4183-ad70-7cb3e4d88100.png","type":"","width":"","height":""}],"twitter_card":"summary_large_image","twitter_misc":{"Tiempo de lectura":"1 minuto"},"schema":{"@context":"https:\/\/schema.org","@graph":[{"@type":"WebPage","@id":"https:\/\/chiloe.digital\/chiloe-2\/nosotros\/","url":"https:\/\/chiloe.digital\/chiloe-2\/nosotros\/","name":"Nosotros - Metcon Ingenier\u00eda industrial 2","isPartOf":{"@id":"https:\/\/chiloe.digital\/chiloe-2\/#website"},"primaryImageOfPage":{"@id":"https:\/\/chiloe.digital\/chiloe-2\/nosotros\/#primaryimage"},"image":{"@id":"https:\/\/chiloe.digital\/chiloe-2\/nosotros\/#primaryimage"},"thumbnailUrl":"https:\/\/chiloe.digital\/chiloe-2\/wp-content\/uploads\/sites\/41\/2023\/10\/schwenke__metal_workers_engineering_real_photo_4k_cover_for_lan_ae9b669e-3f3c-4183-ad70-7cb3e4d88100.png","datePublished":"2018-11-27T09:17:08+00:00","dateModified":"2023-11-03T08:22:13+00:00","breadcrumb":{"@id":"https:\/\/chiloe.digital\/chiloe-2\/nosotros\/#breadcrumb"},"inLanguage":"es","potentialAction":[{"@type":"ReadAction","target":["https:\/\/chiloe.digital\/chiloe-2\/nosotros\/"]}]},{"@type":"ImageObject","inLanguage":"es","@id":"https:\/\/chiloe.digital\/chiloe-2\/nosotros\/#primaryimage","url":"https:\/\/chiloe.digital\/chiloe-2\/wp-content\/uploads\/sites\/41\/2023\/10\/schwenke__metal_workers_engineering_real_photo_4k_cover_for_lan_ae9b669e-3f3c-4183-ad70-7cb3e4d88100.png","contentUrl":"https:\/\/chiloe.digital\/chiloe-2\/wp-content\/uploads\/sites\/41\/2023\/10\/schwenke__metal_workers_engineering_real_photo_4k_cover_for_lan_ae9b669e-3f3c-4183-ad70-7cb3e4d88100.png","width":1024,"height":1024},{"@type":"BreadcrumbList","@id":"https:\/\/chiloe.digital\/chiloe-2\/nosotros\/#breadcrumb","itemListElement":[{"@type":"ListItem","position":1,"name":"Portada","item":"https:\/\/chiloe.digital\/chiloe-2\/"},{"@type":"ListItem","position":2,"name":"Nosotros"}]},{"@type":"WebSite","@id":"https:\/\/chiloe.digital\/chiloe-2\/#website","url":"https:\/\/chiloe.digital\/chiloe-2\/","name":"Metcon Ingenier\u00eda industrial 2","description":"","publisher":{"@id":"https:\/\/chiloe.digital\/chiloe-2\/#organization"},"potentialAction":[{"@type":"SearchAction","target":{"@type":"EntryPoint","urlTemplate":"https:\/\/chiloe.digital\/chiloe-2\/?s={search_term_string}"},"query-input":{"@type":"PropertyValueSpecification","valueRequired":true,"valueName":"search_term_string"}}],"inLanguage":"es"},{"@type":"Organization","@id":"https:\/\/chiloe.digital\/chiloe-2\/#organization","name":"Metcon Ingenier\u00eda industrial 2","url":"https:\/\/chiloe.digital\/chiloe-2\/","logo":{"@type":"ImageObject","inLanguage":"es","@id":"https:\/\/chiloe.digital\/chiloe-2\/#\/schema\/logo\/image\/","url":"https:\/\/chiloe.digital\/chiloe-2\/wp-content\/uploads\/sites\/41\/2020\/01\/logo.png","contentUrl":"https:\/\/chiloe.digital\/chiloe-2\/wp-content\/uploads\/sites\/41\/2020\/01\/logo.png","width":250,"height":70,"caption":"Metcon Ingenier\u00eda industrial 2"},"image":{"@id":"https:\/\/chiloe.digital\/chiloe-2\/#\/schema\/logo\/image\/"}}]}},"_links":{"self":[{"href":"https:\/\/chiloe.digital\/chiloe-2\/wp-json\/wp\/v2\/pages\/435","targetHints":{"allow":["GET"]}}],"collection":[{"href":"https:\/\/chiloe.digital\/chiloe-2\/wp-json\/wp\/v2\/pages"}],"about":[{"href":"https:\/\/chiloe.digital\/chiloe-2\/wp-json\/wp\/v2\/types\/page"}],"author":[{"embeddable":true,"href":"https:\/\/chiloe.digital\/chiloe-2\/wp-json\/wp\/v2\/users\/1"}],"replies":[{"embeddable":true,"href":"https:\/\/chiloe.digital\/chiloe-2\/wp-json\/wp\/v2\/comments?post=435"}],"version-history":[{"count":5,"href":"https:\/\/chiloe.digital\/chiloe-2\/wp-json\/wp\/v2\/pages\/435\/revisions"}],"predecessor-version":[{"id":541,"href":"https:\/\/chiloe.digital\/chiloe-2\/wp-json\/wp\/v2\/pages\/435\/revisions\/541"}],"wp:attachment":[{"href":"https:\/\/chiloe.digital\/chiloe-2\/wp-json\/wp\/v2\/media?parent=435"}],"curies":[{"name":"wp","href":"https:\/\/api.w.org\/{rel}","templated":true}]}}