{"id":512,"date":"2020-11-11T06:08:28","date_gmt":"2020-11-11T06:08:28","guid":{"rendered":"https:\/\/chiloe.digital\/contratistamg\/home\/"},"modified":"2022-03-10T10:03:37","modified_gmt":"2022-03-10T10:03:37","slug":"home","status":"publish","type":"page","link":"https:\/\/chiloe.digital\/contratistamg\/","title":{"rendered":"Home"},"content":{"rendered":"\n\n\t<h1>\n\t\t\t\t\tSomos\n\t\t\t\tPreview text\t\t\t\n\t\t\t\t\tEn Construcciones\n\t\t\t<\/h1>\n<h2>\n\t<\/h2>\n<h2>\n\t\tEsto es lo que Hacemos\n\t<\/h2>\n\t\t\t\t<img loading=\"lazy\" decoding=\"async\" src=\"https:\/\/chiloe.digital\/contratistamg\/wp-content\/uploads\/sites\/6\/2022\/03\/ODEM-Steel-framing-1200x675-1.jpg\" alt=\"ODEM-Steel-framing-1200x675\" itemprop=\"image\" height=\"675\" width=\"1200\" title=\"ODEM-Steel-framing-1200x675\" onerror=\"this.style.display='none'\"  \/>\n\t\t\t\t<img loading=\"lazy\" decoding=\"async\" src=\"https:\/\/chiloe.digital\/contratistamg\/wp-content\/uploads\/sites\/6\/2022\/02\/ultimate-guide-to-buying-new-construction-homes.jpg\" alt=\"New home under construction with wood trusses and supplies against blue sky\" itemprop=\"image\" height=\"598\" width=\"900\" title=\"Construction Industry\" onerror=\"this.style.display='none'\"  \/>\n\t\t\t\t<img loading=\"lazy\" decoding=\"async\" src=\"https:\/\/chiloe.digital\/contratistamg\/wp-content\/uploads\/sites\/6\/2022\/03\/5-Steps-to-Building-a-House-in-Los-Angeles.jpg\" alt=\"5-Steps-to-Building-a-House-in-Los-Angeles\" itemprop=\"image\" height=\"900\" width=\"1600\" title=\"5-Steps-to-Building-a-House-in-Los-Angeles\" onerror=\"this.style.display='none'\"  \/>\n\t\t<h3>Construcciones en Seco<\/h3>\t\t\n\t\t\t<p>Ejecutamos cualquier tipo de <b>construcci\u00f3n<\/b> con elementos prefabricados.<\/p>\n\t\t<h3>Metalcon y Paneles SP<\/h3>\t\t\n\t\t\t<p>Nuestra especialidad son casas de paneles SIP.<\/p>\n<p>El material de construcci\u00f3n del siglo 21.<\/p>\n\t\t<h3>Casas y Ampliaciones<\/h3>\t\t\n\t\t\t<p>Ofrecemos la m\u00e1xima seriedad, rapidez y gran limpieza en todos nuestros trabajos.<\/p>\n\t\t<h3>Tabiquer\u00eda y Techumbres<\/h3>\t\t\n\t\t\t<p>Cielos falsos, <em>tabiques<\/em>, forrado de paredes. Instalaciones, reparaciones y revestimientos.<\/p>\n\t\t<h3>Gasfiter\u00eda ,Electricidad y Pintura<\/h3>\t\t\n\t\t\t<p>Profesionales Expertos en todo tipo de instalaciones y reparaciones. Soluciones Inmediatas.<\/p>\n\t<h2>\n\t\t\t\tCotiza con Nosotros\n\t\t\t<\/h2>\n\t\t\t<p>Siempre respondemos a este formulario, por lo que si en 48h no has recibido una respuesta es que ha habido alg\u00fan problema, no dudes en volver a contactar por email o tel\u00e9fono.<\/p>\t\n<form>\n\t<input type=\"hidden\" name=\"fl-layout-id\" value=\"512\" \/>\n    <h3>\n\t\t<\/h3>\n\t\n\t\t\n    \t\t<label for=\"pp-name-\">Nombre<\/label>\n    \t\tPlease enter your name.\n    \t\t<input type=\"text\" name=\"pp-name\" id=\"pp-name-\" value=\"\" placeholder=\"Nombre\"  \/>\n    \t\t<label for=\"pp-email-\">Email<\/label>\n    \t\tPlease enter a valid email address.\n    \t\t<input type=\"email\" name=\"pp-email\" id=\"pp-email-\" value=\"\" placeholder=\"Email\"  \/>\n    \t\t<label for=\"pp-message-\">Mensaje<\/label>\n    \t\tPlease type your message.\n    \t\t<textarea name=\"pp-message\" id=\"pp-message-\" placeholder=\"Mensaje\"><\/textarea>\n    \t<a href=\"#\" target=\"_self\" role=\"button\" rel=\"noopener\">\n    \t\t    \t\t    \t\tEnviar\n    \t\t    \t\t    \t<\/a>\n\t\t\tMessage failed. Please try again.\n<\/form>\n  <p>Gracias por cotizar con nosotros! te responderemos muy pronto!<\/p>\n<h2>\n\t\tSiguenos en\n\t<\/h2>\n\t\t<link itemprop=\"url\" href=\"https:\/\/chiloe.digital\/contratistamg\"\/>\n\t\t<a itemprop=\"sameAs\" href=\"https:\/\/www.facebook.com\/contratistamg.cl\/\" target=\"_self\" title=\"\" aria-label=\"\" role=\"button\" rel=\"noopener\">\n\t\t\t\t\t<\/a>\n\t\t<link itemprop=\"url\" href=\"https:\/\/chiloe.digital\/contratistamg\"\/>\n\t\t<a itemprop=\"sameAs\" href=\"https:\/\/www.instagram.com\/contratistamg\/\" target=\"_self\" title=\"\" aria-label=\"\" role=\"button\" rel=\"noopener\">\n\t\t\t\t\t<\/a>\n\n","protected":false},"excerpt":{"rendered":"<p>Somos Preview text En Construcciones Esto es lo que Hacemos Construcciones en Seco Ejecutamos cualquier tipo de construcci\u00f3n con elementos prefabricados. Metalcon y Paneles SP Nuestra especialidad son casas de paneles SIP. El material de construcci\u00f3n del siglo 21. Casas y Ampliaciones Ofrecemos la m\u00e1xima seriedad, rapidez y gran limpieza en todos nuestros trabajos. Tabiquer\u00eda [&hellip;]<\/p>\n","protected":false},"author":1,"featured_media":0,"parent":0,"menu_order":0,"comment_status":"closed","ping_status":"closed","template":"","meta":{"om_disable_all_campaigns":false,"_mi_skip_tracking":false,"site-sidebar-layout":"no-sidebar","site-content-layout":"page-builder","ast-site-content-layout":"default","site-content-style":"default","site-sidebar-style":"default","ast-global-header-display":"","ast-banner-title-visibility":"","ast-main-header-display":"","ast-hfb-above-header-display":"","ast-hfb-below-header-display":"","ast-hfb-mobile-header-display":"","site-post-title":"disabled","ast-breadcrumbs-content":"","ast-featured-img":"disabled","footer-sml-layout":"","ast-disable-related-posts":"","theme-transparent-header-meta":"enabled","adv-header-id-meta":"","stick-header-meta":"","header-above-stick-meta":"","header-main-stick-meta":"","header-below-stick-meta":"","astra-migrate-meta-layouts":"default","ast-page-background-enabled":"default","ast-page-background-meta":{"desktop":{"background-color":"","background-image":"","background-repeat":"repeat","background-position":"center center","background-size":"auto","background-attachment":"scroll","background-type":"","background-media":"","overlay-type":"","overlay-color":"","overlay-opacity":"","overlay-gradient":""},"tablet":{"background-color":"","background-image":"","background-repeat":"repeat","background-position":"center center","background-size":"auto","background-attachment":"scroll","background-type":"","background-media":"","overlay-type":"","overlay-color":"","overlay-opacity":"","overlay-gradient":""},"mobile":{"background-color":"","background-image":"","background-repeat":"repeat","background-position":"center center","background-size":"auto","background-attachment":"scroll","background-type":"","background-media":"","overlay-type":"","overlay-color":"","overlay-opacity":"","overlay-gradient":""}},"ast-content-background-meta":{"desktop":{"background-color":"var(--ast-global-color-5)","background-image":"","background-repeat":"repeat","background-position":"center center","background-size":"auto","background-attachment":"scroll","background-type":"","background-media":"","overlay-type":"","overlay-color":"","overlay-opacity":"","overlay-gradient":""},"tablet":{"background-color":"var(--ast-global-color-5)","background-image":"","background-repeat":"repeat","background-position":"center center","background-size":"auto","background-attachment":"scroll","background-type":"","background-media":"","overlay-type":"","overlay-color":"","overlay-opacity":"","overlay-gradient":""},"mobile":{"background-color":"var(--ast-global-color-5)","background-image":"","background-repeat":"repeat","background-position":"center center","background-size":"auto","background-attachment":"scroll","background-type":"","background-media":"","overlay-type":"","overlay-color":"","overlay-opacity":"","overlay-gradient":""}},"footnotes":""},"class_list":["post-512","page","type-page","status-publish","hentry"],"yoast_head":"<!-- This site is optimized with the Yoast SEO plugin v27.0 - https:\/\/yoast.com\/product\/yoast-seo-wordpress\/ -->\n<title>Home - Contratista MG<\/title>\n<meta name=\"robots\" content=\"index, follow, max-snippet:-1, max-image-preview:large, max-video-preview:-1\" \/>\n<link rel=\"canonical\" href=\"https:\/\/chiloe.digital\/contratistamg\/\" \/>\n<meta property=\"og:locale\" content=\"es_ES\" \/>\n<meta property=\"og:type\" content=\"article\" \/>\n<meta property=\"og:title\" content=\"Home - Contratista MG\" \/>\n<meta property=\"og:description\" content=\"Somos Preview text En Construcciones Esto es lo que Hacemos Construcciones en Seco Ejecutamos cualquier tipo de construcci\u00f3n con elementos prefabricados. Metalcon y Paneles SP Nuestra especialidad son casas de paneles SIP. El material de construcci\u00f3n del siglo 21. Casas y Ampliaciones Ofrecemos la m\u00e1xima seriedad, rapidez y gran limpieza en todos nuestros trabajos. Tabiquer\u00eda [&hellip;]\" \/>\n<meta property=\"og:url\" content=\"https:\/\/chiloe.digital\/contratistamg\/\" \/>\n<meta property=\"og:site_name\" content=\"Contratista MG\" \/>\n<meta property=\"article:modified_time\" content=\"2022-03-10T10:03:37+00:00\" \/>\n<meta property=\"og:image\" content=\"https:\/\/chiloe.digital\/contratistamg\/wp-content\/uploads\/sites\/6\/2022\/03\/ODEM-Steel-framing-1200x675-1.jpg\" \/>\n<meta name=\"twitter:card\" content=\"summary_large_image\" \/>\n<meta name=\"twitter:label1\" content=\"Tiempo de lectura\" \/>\n\t<meta name=\"twitter:data1\" content=\"1 minuto\" \/>\n<script type=\"application\/ld+json\" class=\"yoast-schema-graph\">{\"@context\":\"https:\/\/schema.org\",\"@graph\":[{\"@type\":\"WebPage\",\"@id\":\"https:\/\/chiloe.digital\/contratistamg\/\",\"url\":\"https:\/\/chiloe.digital\/contratistamg\/\",\"name\":\"Home - Contratista MG\",\"isPartOf\":{\"@id\":\"https:\/\/chiloe.digital\/contratistamg\/#website\"},\"primaryImageOfPage\":{\"@id\":\"https:\/\/chiloe.digital\/contratistamg\/#primaryimage\"},\"image\":{\"@id\":\"https:\/\/chiloe.digital\/contratistamg\/#primaryimage\"},\"thumbnailUrl\":\"https:\/\/chiloe.digital\/contratistamg\/wp-content\/uploads\/sites\/6\/2022\/03\/ODEM-Steel-framing-1200x675-1.jpg\",\"datePublished\":\"2020-11-11T06:08:28+00:00\",\"dateModified\":\"2022-03-10T10:03:37+00:00\",\"breadcrumb\":{\"@id\":\"https:\/\/chiloe.digital\/contratistamg\/#breadcrumb\"},\"inLanguage\":\"es\",\"potentialAction\":[{\"@type\":\"ReadAction\",\"target\":[\"https:\/\/chiloe.digital\/contratistamg\/\"]}]},{\"@type\":\"ImageObject\",\"inLanguage\":\"es\",\"@id\":\"https:\/\/chiloe.digital\/contratistamg\/#primaryimage\",\"url\":\"https:\/\/chiloe.digital\/contratistamg\/wp-content\/uploads\/sites\/6\/2022\/03\/ODEM-Steel-framing-1200x675-1.jpg\",\"contentUrl\":\"https:\/\/chiloe.digital\/contratistamg\/wp-content\/uploads\/sites\/6\/2022\/03\/ODEM-Steel-framing-1200x675-1.jpg\",\"width\":1200,\"height\":675},{\"@type\":\"BreadcrumbList\",\"@id\":\"https:\/\/chiloe.digital\/contratistamg\/#breadcrumb\",\"itemListElement\":[{\"@type\":\"ListItem\",\"position\":1,\"name\":\"Portada\",\"item\":\"https:\/\/chiloe.digital\/contratistamg\/\"},{\"@type\":\"ListItem\",\"position\":2,\"name\":\"Home\"}]},{\"@type\":\"WebSite\",\"@id\":\"https:\/\/chiloe.digital\/contratistamg\/#website\",\"url\":\"https:\/\/chiloe.digital\/contratistamg\/\",\"name\":\"Contratista MG\",\"description\":\"Otro sitio m\u00e1s de Chilo\u00e9 Digital \",\"potentialAction\":[{\"@type\":\"SearchAction\",\"target\":{\"@type\":\"EntryPoint\",\"urlTemplate\":\"https:\/\/chiloe.digital\/contratistamg\/?s={search_term_string}\"},\"query-input\":{\"@type\":\"PropertyValueSpecification\",\"valueRequired\":true,\"valueName\":\"search_term_string\"}}],\"inLanguage\":\"es\"}]}<\/script>\n<!-- \/ Yoast SEO plugin. -->","yoast_head_json":{"title":"Home - Contratista MG","robots":{"index":"index","follow":"follow","max-snippet":"max-snippet:-1","max-image-preview":"max-image-preview:large","max-video-preview":"max-video-preview:-1"},"canonical":"https:\/\/chiloe.digital\/contratistamg\/","og_locale":"es_ES","og_type":"article","og_title":"Home - Contratista MG","og_description":"Somos Preview text En Construcciones Esto es lo que Hacemos Construcciones en Seco Ejecutamos cualquier tipo de construcci\u00f3n con elementos prefabricados. Metalcon y Paneles SP Nuestra especialidad son casas de paneles SIP. El material de construcci\u00f3n del siglo 21. Casas y Ampliaciones Ofrecemos la m\u00e1xima seriedad, rapidez y gran limpieza en todos nuestros trabajos. Tabiquer\u00eda [&hellip;]","og_url":"https:\/\/chiloe.digital\/contratistamg\/","og_site_name":"Contratista MG","article_modified_time":"2022-03-10T10:03:37+00:00","og_image":[{"url":"https:\/\/chiloe.digital\/contratistamg\/wp-content\/uploads\/sites\/6\/2022\/03\/ODEM-Steel-framing-1200x675-1.jpg","type":"","width":"","height":""}],"twitter_card":"summary_large_image","twitter_misc":{"Tiempo de lectura":"1 minuto"},"schema":{"@context":"https:\/\/schema.org","@graph":[{"@type":"WebPage","@id":"https:\/\/chiloe.digital\/contratistamg\/","url":"https:\/\/chiloe.digital\/contratistamg\/","name":"Home - Contratista MG","isPartOf":{"@id":"https:\/\/chiloe.digital\/contratistamg\/#website"},"primaryImageOfPage":{"@id":"https:\/\/chiloe.digital\/contratistamg\/#primaryimage"},"image":{"@id":"https:\/\/chiloe.digital\/contratistamg\/#primaryimage"},"thumbnailUrl":"https:\/\/chiloe.digital\/contratistamg\/wp-content\/uploads\/sites\/6\/2022\/03\/ODEM-Steel-framing-1200x675-1.jpg","datePublished":"2020-11-11T06:08:28+00:00","dateModified":"2022-03-10T10:03:37+00:00","breadcrumb":{"@id":"https:\/\/chiloe.digital\/contratistamg\/#breadcrumb"},"inLanguage":"es","potentialAction":[{"@type":"ReadAction","target":["https:\/\/chiloe.digital\/contratistamg\/"]}]},{"@type":"ImageObject","inLanguage":"es","@id":"https:\/\/chiloe.digital\/contratistamg\/#primaryimage","url":"https:\/\/chiloe.digital\/contratistamg\/wp-content\/uploads\/sites\/6\/2022\/03\/ODEM-Steel-framing-1200x675-1.jpg","contentUrl":"https:\/\/chiloe.digital\/contratistamg\/wp-content\/uploads\/sites\/6\/2022\/03\/ODEM-Steel-framing-1200x675-1.jpg","width":1200,"height":675},{"@type":"BreadcrumbList","@id":"https:\/\/chiloe.digital\/contratistamg\/#breadcrumb","itemListElement":[{"@type":"ListItem","position":1,"name":"Portada","item":"https:\/\/chiloe.digital\/contratistamg\/"},{"@type":"ListItem","position":2,"name":"Home"}]},{"@type":"WebSite","@id":"https:\/\/chiloe.digital\/contratistamg\/#website","url":"https:\/\/chiloe.digital\/contratistamg\/","name":"Contratista MG","description":"Otro sitio m\u00e1s de Chilo\u00e9 Digital ","potentialAction":[{"@type":"SearchAction","target":{"@type":"EntryPoint","urlTemplate":"https:\/\/chiloe.digital\/contratistamg\/?s={search_term_string}"},"query-input":{"@type":"PropertyValueSpecification","valueRequired":true,"valueName":"search_term_string"}}],"inLanguage":"es"}]}},"_links":{"self":[{"href":"https:\/\/chiloe.digital\/contratistamg\/wp-json\/wp\/v2\/pages\/512","targetHints":{"allow":["GET"]}}],"collection":[{"href":"https:\/\/chiloe.digital\/contratistamg\/wp-json\/wp\/v2\/pages"}],"about":[{"href":"https:\/\/chiloe.digital\/contratistamg\/wp-json\/wp\/v2\/types\/page"}],"author":[{"embeddable":true,"href":"https:\/\/chiloe.digital\/contratistamg\/wp-json\/wp\/v2\/users\/1"}],"replies":[{"embeddable":true,"href":"https:\/\/chiloe.digital\/contratistamg\/wp-json\/wp\/v2\/comments?post=512"}],"version-history":[{"count":21,"href":"https:\/\/chiloe.digital\/contratistamg\/wp-json\/wp\/v2\/pages\/512\/revisions"}],"predecessor-version":[{"id":816,"href":"https:\/\/chiloe.digital\/contratistamg\/wp-json\/wp\/v2\/pages\/512\/revisions\/816"}],"wp:attachment":[{"href":"https:\/\/chiloe.digital\/contratistamg\/wp-json\/wp\/v2\/media?parent=512"}],"curies":[{"name":"wp","href":"https:\/\/api.w.org\/{rel}","templated":true}]}}